r when 1 - (5 - 6)*226 is divided by 39?
32
Suppose z - 3*c - 37 = 0, 3*z + 2*z - 5*c - 235 = 0. Calculate the remainder when z is divided by 9.
7
Suppose 0 = -5*j + 2*j + 9, -5*i + 549 = -2*j. What is the remainder when i is divided by 23?
19
Suppose 0 = r - 5*q - 13, -r + 4*q = -8 - 4. What is the remainder when 41 is divided by (((-33)/(-12))/1)/(1/r)?
19
Let m be 3/(-3) - 1 - -5. Let d(f) = -2*f**3 + f**3 - 4*f + 10*f**2 + 2 + 2*f**m. What is the remainder when d(-10) is divided by 15?
12
Let z be ((-2)/6)/(2/(-1110)). Suppose 3*l + 2*l = z. What is the remainder when l is divided by 10?
7
Let a(w) = w**3 - 6*w**2 + 5*w + 8. Let s be a(6). What is the remainder when ((-25)/(-20))/((-12)/(-720)) is divided by (s/(-6))/(2/(-6))?
18
Let f = 98 + -69. Suppose -x + f + 25 = 0. What is the remainder when 14 is divided by (x/(-9))/((-6)/8)?
6
Suppose 41*t + 37*t = 5382. Let g(v) be the first derivative of -v**4/4 + 2*v**3 - 5*v**2/2 + 6*v - 1. Calculate the remainder when t is divided by g(4).
15
Suppose -m + 2*d = 1, 4*m - 5*d - 15 = -m. Suppose 0 = 14*f - 16*f + 50. Let b = 27 - f. What is the remainder when m is divided by b?
1
Let n be ((-2)/(-4))/((-9)/2106). Let d = 129 + n. Calculate the remainder when 69 is divided by d.
9
Let m(b) = 3*b**3 - 10*b**2 - 6*b - 4. Let p(i) = i**3 - 3*i**2 - 2*i - 1. Let x(l) = 2*m(l) - 7*p(l). What is the remainder when 27 is divided by x(-2)?
6
Suppose -3*o + 15 = g, 24 = -2*o + 5*o + 4*g. Suppose 0*b + 40 = -o*b. Let a(r) = r + 24. Calculate the remainder when 39 is divided by a(b).
11
Suppose w = 3*w + 5*l - 639, -4*w = 3*l - 1271. What is the remainder when w is divided by 16?
13
Suppose -2*y = 4*p - 132, 3*y = -p + 25 - 2. What is the remainder when p is divided by (7/(-5) - -1)*-30?
11
Suppose -128 = -2*d - 104. What is the remainder when 40 is divided by d?
4
Suppose 36 = 4*d - 0*d. Suppose -2*s + l = 14, 4*l = -4*s - 29 - 11. What is the remainder when (-84)/(-5) + s/(-40) is divided by d?
8
Let d(k) = k**3 + 7*k**2 + 5. Let o be d(-7). Suppose 3*b = 4*b + o*s - 83, s = -5*b + 319. Calculate the remainder when 46 is divided by 32/6*b/14.
22
Suppose -3*d + 8 = 32. Let r be 29/9 - 42/189. Let c = r - d. What is the remainder when c is divided by 4?
3
Let j(t) = 5*t + 60. Let m be j(-12). Suppose m*l = 2*l - 326. What is the remainder when l is divided by 33?
31
Let t(a) = -a**3 - 4*a**2 - 7*a - 1. Let q be t(-3). Suppose 63 = q*z - 4*z. What is the remainder when 17 is divided by z?
8
Let v(s) be the second derivative of -s**4/12 - 4*s**3/3 + 11*s**2/2 - 3*s. Let h be v(-9). Let a = h - -9. What is the remainder when 30 is divided by a?
8
Suppose -136 = -4*c - 0*c. Let j = 324 - 226. What is the remainder when j is divided by c?
30
Suppose -u + 4*l = -671, 0 = 7*u - 6*u + 2*l - 647. Calculate the remainder when u is divided by 47.
44
Let q(c) = -c - 1. Suppose 0 = -2*m + m + 4. Suppose 0*s - 5*v = -5*s + 110, -124 = -m*s - 5*v. What is the remainder when s is divided by q(-8)?
5
Let m = 32 - -6. Suppose 0 = -3*i - m + 170. Calculate the remainder when i is divided by 23.
21
Suppose -354*r + 350*r + 310 = -5*x, -4*r + 318 = -x. What is the remainder when r is divided by (27/(-2))/(1/(-2))?
26
Let u(h) = -h**3 - 2*h**2 + 4*h - 11. Let a be (-2)/(-6) - (-80)/(-15). What is the remainder when u(a) is divided by 9?
8
Let v be (-1 + 12/(-2))*4/(-2). Suppose -7*z - v + 175 = 0. Calculate the remainder when z is divided by 13.
10
Suppose 5*k - 573 = 122. Calculate the remainder when k is divided by 28.
27
Calculate the remainder when (-5 - 99/(-18))*2 is divided by (-1)/(-2) - (-2)/4.
0
Let o(m) = 2*m**2 - 8*m - 27. Let t be o(8). Let g = t + -29. What is the remainder when 70 is divided by g?
6
Let q(l) = -7*l + 1. Suppose 8*m + 93 = 949. Calculate the remainder when m is divided by q(-5).
35
Suppose -9 = -4*o - 2*d + 41, -10 = -o - 3*d. Let j(i) = -i**3 + 8*i**2 + i - 4. Calculate the remainder when j(5) is divided by o.
11
What is the remainder when (-2)/(-12) - ((-1855)/30 + 1) is divided by 18?
7
Suppose -2*r - 35 = -4*c + 5*c, -4*c + 2*r - 140 = 0. Calculate the remainder when 25 is divided by c*(6/3)/(-10).
4
Let v = 7 + -7. Suppose -4*u + 7*u + 21 = v. Let k(t) = t**2 + 8*t + 9. What is the remainder when 7 is divided by k(u)?
1
Suppose -3*b + 59 - 296 = 0. Let w = b + 155. Suppose -104 = -25*j + 21*j. What is the remainder when w is divided by j?
24
Let t(w) be the second derivative of w**4/12 - w**3/2 - 3*w**2/2 - 4*w. Let c be t(-4). Suppose r - c + 11 = 0. What is the remainder when r is divided by 6?
2
Suppose 6*p = 3*p + 24. Suppose -4*l = -3*l + 47. Let v = l + 70. Calculate the remainder when v is divided by p.
7
Suppose -u = 2*u - 5*b - 195, 2*u = -b + 117. Suppose 2*z = -z, z - u = -3*n. Calculate the remainder when 58 is divided by n.
18
Calculate the remainder when 1082/(-12)*-3 - 13/(-26) is divided by 7.
5
Suppose j + 13 = -5*q, 0*j - 5*j + 31 = q. Let o = 17 - j. Suppose 4*u + 10 + o = 3*x, x + 3*u = 11. What is the remainder when 22 is divided by x?
6
Suppose 14*n - 17*n = -366. Calculate the remainder when n is divided by 21.
17
Let o = -54 + 64. Calculate the remainder when 114 is divided by o.
4
Suppose 50*c - 1666 = c. Suppose -2*y = 3*m - 207, y = -y - 2*m + 204. What is the remainder when y is divided by c?
31
Let m = -340 + 351. Calculate the remainder when 118 is divided by m.
8
Suppose -x - 2*x + 36 = 0. Suppose m - 2*j + x = 3*m, 5*m + 2*j = 24. Let l = m + 9. Calculate the remainder when 64 is divided by l.
12
Suppose -12 = -2*t - 4*l, -5*t - 5*l = -3*l - 30. Suppose -3*u - t = -5*u. Let a = 23 + -14. What is the remainder when a is divided by u?
0
Suppose -1358 = -42*m + 28*m. What is the remainder when m is divided by 9?
7
Let q(s) = -s**3 - 8*s**2 - 12*s + 10. Let f = -23 + 50. What is the remainder when q(-8) is divided by f?
25
Let u(p) = 4*p + 36. Let g be u(-9). Suppose 147*y - 151*y + 136 = g. Calculate the remainder when y is divided by 13.
8
Let k be 0/(-6 - -4) - -2. Suppose -5*l + 4*v = -12, -k*l + v + 3 = -0. Suppose -5*o = -l*o - 45. What is the remainder when 44 is divided by o?
8
What is the remainder when 395/20 + (-5)/(-20) is divided by 6?
2
Suppose -4*x = 2*z - 10, 5*z - 3*x - 6 = 2*z. Suppose -2*r + 2 = 0, 7*s + 2*r = z*s + 78. Calculate the remainder when s is divided by 2/(-7) - (-153)/21.
5
Suppose -s - 24 - 1 = -5*j, -5*s + 5*j = 125. Let c = 43 + s. Calculate the remainder when 52 is divided by c.
16
Let u = 10 + -8. Suppose 4*b + 17 = -5*f, -1 = -5*b + u*b - f. Suppose b = 5*a - 43. What is the remainder when 15 is divided by a?
6
Let r(y) = 6*y**3 - 3*y**2 - y + 2. Suppose 5*g = -10, 2*v + 11 = -g + 49. Suppose 0 = 4*z - v - 32. What is the remainder when r(2) is divided by z?
10
Let x(f) = -969*f - 6755. Let h = 118 + -38. What is the remainder when h is divided by x(-7)?
24
Let r(i) = -i**2 + 15*i + 9. Let y be r(15). Suppose -y*f + 5 = -8*f. What is the remainder when 11 is divided by f?
1
Let k = 3 - 0. Suppose -1536*s - 98 = -1543*s. Calculate the remainder when s is divided by k.
2
Let k = 301 + -276. What is the remainder when 89 is divided by k?
14
Let j(n) = -3*n**2 - 9*n - 5. Let o(m) = 4*m**2 + 10*m + 5. Let a(h) = -3*j(h) - 2*o(h). What is the remainder when a(-7) is divided by 2?
1
Let u = 19 - 71. Calculate the remainder when 0 - -9*(-5)/(60/u) is divided by 21.
18
Suppose -4 = 4*n - 4*z, 4*n - 11 = 3*n + 4*z. Let q = -1 + 1. What is the remainder when 17 is divided by (q + 10)*(-3)/n?
5
Calculate the remainder when 60/(-1)*(-2)/8*2 is divided by (6/9 + 0)/(20/330).
8
Let h(f) = -2*f**2 + 93*f + 25. Calculate the remainder when h(42) is divided by 81.
79
Suppose d - 26 = -1. Calculate the remainder when 95 is divided by d.
20
Let y = -1991 - -2117. What is the remainder when y is divided by 15?
6
Let f(y) = y**3 + 5*y**2 - 6*y + 10. Let z = 25 + -12. Let d be z/(-2) + (-1)/(-2). What is the remainder when f(d) is divided by 6?
4
Let h be 1/(1/3) + 43/(-1). Let l = 52 + h. Calculate the remainder when 23 is divided by l.
11
Suppose 3*k - 10*k = 357. Let o = k - -110. What is the remainder when o is divided by 31?
28
Let q(u) = -u**2 + u + 2. Let f be q(0). Let l = 57 - f. What is the remainder when l is divided by 14?
13
Let p(g) 